 + t = 31 + 128. Let b = q + -105. What are the prime factors of b?
7
Let h(j) = -j**3 + 6*j**2 - 4*j + 26. Let w be h(6). What are the prime factors of ((-365)/w)/(-1) + 6/(-12)?
2, 7, 13
Suppose -2*l - 16 = -6*l. Let u = 134 - l. List the prime factors of u.
2, 5, 13
Suppose 2363 = h + 308. List the prime factors of h.
3, 5, 137
List the prime factors of 4062*(51/204)/((-2)/(-4)).
3, 677
Let t = -14 - -17. Suppose 0 = 4*u + 4*a - 5*a - 137, -5*a = -t*u + 124. List the prime factors of u.
3, 11
Let c = 20 + -19. Let l be c/(-2) + (-25)/(-2). What are the prime factors of (-1)/(-2) - (-102)/l?
3
Suppose 4*y + 2*l - 944 = 0, 4*l - 4 = 6*l. What are the prime factors of y?
3, 79
Let n(g) = -3*g**3 - g**2 - g. Let q be n(-1). Let d(r) = 4*r**3 - 3*r**2 - r + 1. List the prime factors of d(q).
79
Let j(q) = 3*q - 6*q**2 + 5*q**2 - 4*q + 23. Let m = 0 - 0. What are the prime factors of j(m)?
23
Suppose -4*h + 0*r + 4*r + 4 = 0, 5*h - 11 = 3*r. Let b = h - -52. What are the prime factors of b?
2, 7
Let d = -1 - -57. What are the prime factors of d - (0 + (-3)/1)?
59
Let n(m) = 6*m - 1 + 5 + 2*m**2 - m**2. Let w be n(-7). Let j = w - 9. List the prime factors of j.
2
Let k = 144 + 195. List the prime factors of k.
3, 113
Suppose -2*s = 13 - 87. What are the prime factors of s?
37
Let a = -170 - -173. Let u(o) be the first derivative of -o**4/4 + 2*o**3 - 2*o**2 + 2*o - 1. What are the prime factors of u(a)?
17
Suppose m - l = 613, l = 8*m - 3*m - 3045. What are the prime factors of m?
2, 19
Suppose -420 = -g - 29. What are the prime factors of g?
17, 23
Let j(z) = -z**3 + 12*z**2 - 11*z - 18. Let t be j(11). Let p = t + 122. List the prime factors of p.
2, 13
Suppose 3*y + 0*c - 26 = -4*c, 2*y = 4*c - 16. Suppose -4*a = 16, -3*r - 7 + y = 2*a. List the prime factors of (-54)/(-3) - -3*r.
3, 7
Let l = 217 + 22. What are the prime factors of l?
239
Let g = -1438 - -2174. List the prime factors of g.
2, 23
Let r = 660 - 126. What are the prime factors of r?
2, 3, 89
Suppose 4*k - 1891 = -5*x, 0*x + 2*x - 2368 = -5*k. What are the prime factors of k?
2, 3, 79
Suppose -2*t - 60 = -7*t. Let c be (4/t)/((-2)/(-66)). Suppose c*b = 7*b + 200. What are the prime factors of b?
2, 5
Suppose -183*z = -188*z + 410. What are the prime factors of z?
2, 41
Suppose 5*z + 2*r - 4590 = 0, -4*z + 5292 = -2*r + 1620. What are the prime factors of z?
2, 3, 17
Suppose 5*y - 4*w = 11461, -337*w - 2293 = -y - 336*w. List the prime factors of y.
3, 7, 109
Suppose -5*f - f = -432. Suppose -5*k = k - f. What are the prime factors of k?
2, 3
Suppose -4*g = -3*o - 996, 4*g - 4*o = -5*o + 980. Suppose -8*t = -9*t + g. List the prime factors of t.
2, 3, 41
Let x be 1 + 4 + 3/3. Suppose -5*w + 14 = -x. Suppose -w*o + 132 = 3*n + 41, 2*o - 48 = -4*n. List the prime factors of o.
2, 11
Let z = -3 + 7. Suppose 40 = 5*p + 5*w, 3*w - 28 = -z*p + 7. Let d = 4 + p. What are the prime factors of d?
3, 5
Suppose 0 = 2*d - d - 2. Suppose 537 = 3*c + d*r, 4*c - c = -5*r + 546. List the prime factors of c.
3, 59
Suppose -14*k + 12*k = 82. Let w = k - -69. What are the prime factors of w?
2, 7
Let i(t) = t**3 - 5*t**2 - t - 2. Let d be i(5). Let y be (-1)/d - 209/(-7). Let h = y + -22. List the prime factors of h.
2
Let u be ((-9)/(-12))/((-2)/24). Let a(o) = -20*o**2. Let t be a(2). What are the prime factors of u/4*t/6?
2, 3, 5
Let u = 24 + -30. Let t(b) = -b**3 - 3*b**2 - 5*b - 8. List the prime factors of t(u).
2, 5, 13
Suppose -2*l + 5 = -3. List the prime factors of (-15)/(-10) - (-102)/l.
3
Suppose -208 = -2*r + 4*t, -16 = 2*t + 2*t. Suppose -g = -2*k + 56, -5*k - 4*g + 249 = r. What are the prime factors of k?
29
Suppose 2*g - 1 = 9. Let j(x) = -7*x**2 - 3*x + 53. Let m(h) = -10*h**2 - 4*h + 80. Let w(r) = g*m(r) - 7*j(r). List the prime factors of w(0).
29
List the prime factors of 5195/20 - (-5 - 38/(-8)).
2, 5, 13
Let d(t) = -t**3 - 9*t**2 - 2*t + 10. Let g be d(-8). Suppose 0 = -2*i - 0*i. List the prime factors of g/(-2) - (i - 3).
2, 11
Let k(g) = 280*g + 3. What are the prime factors of k(3)?
3, 281
Let w(x) = 2*x - 4. Let f be w(7). Let o = 15 - f. Suppose d + 4*q = o, -d = -5*d - 2*q + 76. List the prime factors of d.
3, 7
What are the prime factors of (-13 - (12 - 29))*673?
2, 673
What are the prime factors of 218/5*5/2?
109
What are the prime factors of (-21690)/(-24) + (-49)/28?
2, 11, 41
Suppose -2*o - o + 543 = 3*r, -2*o + 334 = -5*r. What are the prime factors of o?
3, 59
Let j be 110/4*(-2)/(-1). Let g(a) = 2*a**2 + 10*a + 3. Let f be g(-9). Suppose -5*n = -j - f. List the prime factors of n.
2, 13
Let d be (-16)/14*(-3)/((-33)/(-77)). Let n(q) = -15*q**2 - q + 7. Let j be n(-6). What are the prime factors of (j/(-68))/(2/d)?
31
Let k(s) = -s**3 - 34*s**2 - 96*s - 63. What are the prime factors of k(-31)?
2, 3, 5
Suppose -2*o = -6*o - 4*i + 96, 120 = 5*o + 3*i. Let p = 3 + o. List the prime factors of p.
3
Suppose -3*n = -6*n + 69. Let j = 0 + 3. Suppose 2*p = j*p - n. List the prime factors of p.
23
Let p = 73 + -65. Suppose -i - f = -263, -5*i + 1295 = -7*f + p*f. List the prime factors of i.
2, 3, 43
Let p(v) = -49*v - 11. What are the prime factors of p(-13)?
2, 313
Let x(z) = z - 7. Let k(g) = -6*g - 12. Let v be k(-4). Let y be x(v). Suppose 3*q = y*q - 78. List the prime factors of q.
3, 13
Let i(g) = -3 + g**2 + 5*g**2 - 4*g**2. Let m = 118 + -123. List the prime factors of i(m).
47
Let j = -1094 - -4828. List the prime factors of j.
2, 1867
Let t(g) = 2*g**2 + 7*g - 2. Suppose 3*b - 10 = -1. Suppose x - 4*k + 2 = 1, -2*k - 17 = b*x. List the prime factors of t(x).
13
Suppose 5*i + 0 = -75. Let s = i + -6. What are the prime factors of (-642)/s - 15/(-35)?
31
Let m = 418 - 134. List the prime factors of m.
2, 71
Let n(r) = r. Let f(p) = 27*p - 5. Let g(a) = -f(a) - n(a). List the prime factors of g(-3).
89
Let u(r) = -r**3 - 3*r**2 - 3*r + 7. What are the prime factors of u(-8)?
3, 13
Suppose j - 21 = -2*j. Let b = 10 - j. What are the prime factors of b?
3
Let q(w) = w**2 - 9*w + 3. Let u be q(7). Let y(p) = p**3 + 11*p**2 + p + 9. Let v be y(u). What are the prime factors of (5/(-15))/(v/114)?
19
Let q = -39 - -41. Suppose -q*h + 140 = -4*j, -2*h - 4*j + j + 147 = 0. List the prime factors of h.
2, 3
Let g = -471 - -1870. List the prime factors of g.
1399
Suppose 2*i = -0*i + 62. Suppose -51 - i = -k. What are the prime factors of k?
2, 41
Let b(f) = 21*f + 54. What are the prime factors of b(8)?
2, 3, 37
Let r be (-12)/10 + 1/5. List the prime factors of (-415)/(-10) - r/2.
2, 3, 7
Suppose 6*m + 10 = 4*p + m, 0 = -2*m + 4. Suppose k + 4 = 0, 2*j - 6*j - p*k + 144 = 0. What are the prime factors of j?
41
Let d(s) = 10*s**3 + s + s**2 - 2 + 2*s**2 - 11*s**3 + 3*s**2. What are the prime factors of d(-4)?
2, 7, 11
Suppose 8 = 3*s - 2*s. Let o = s + -5. Suppose 2*l - 50 = -2*l + o*h, 64 = 4*l + 4*h. List the prime factors of l.
2, 7
Let y(j) = -j**2 - 23*j + 17. Let g = 95 + -105. What are the prime factors of y(g)?
3, 7
Let h(s) = s**3 - 5*s**2 - 6*s + 2. Let m be (-54)/(-10) - (-8)/(-20). Suppose m*v - 6*v + 6 = 0. What are the prime factors of h(v)?
2
Suppose -4*v + 49 - 5 = 0. Suppose 6 = -v*b + 12*b. Suppose b = -3*n - r + 19, -4 = -4*n + 2*r. What are the prime factors of n?
3
Let r = 5 - -38. Let p = 77 - r. What are the prime factors of p?
2, 17
Let o = 20 - 5. Let l = 214 + -200. Suppose 0 = f - 3*v - o - l, -5*v = 5*f - 65. What are the prime factors of f?
17
Let j be (0/12)/(0 - 1). Suppose -6*z + z + 540 = j. What are the prime factors of z?
2, 3
Suppose -2*l + 4*h = 6, -l = l - 3*h + 4. Suppose l = 5*x - 4, -s + 2*x = -29. Let y = s + -12. List the prime factors of y.
19
Let d = 26 + -24. Suppose -3*a = j - 94, -d*a - 196 = -2*j + 16. What are the prime factors of j?
103
Suppose 1143 = 9*x - 2475. List the prime factors of x.
2, 3, 67
Let g = 40 - -1484. Suppose i - 193 = 3*p, g = 5*i - 2*p + 494. What are the prime factors of i?
2, 13
What are the prime factors of (-1 + 3)*1814*(-6)/(-24)?
907
Suppose 2*q = -d + 100, -3*d + 4*d - q - 109 = 0. List the prime factors of d + -3 + (3 - 4).
2, 3, 17
Let t(z) = 2*z**3 - 4*z**2 + 4*z - 1. Let b be t(3). Let m = 51 - b. List the prime factors of m.
2, 11
Let l = 0 + 9. Suppose -6*x + l*x - 21 = 0. Let j(w)